{"id":99,"date":"2022-01-31T11:59:15","date_gmt":"2022-01-31T09:59:15","guid":{"rendered":"https:\/\/www.startevo.com\/shop\/?post_type=product&#038;p=99"},"modified":"2025-06-18T15:49:11","modified_gmt":"2025-06-18T12:49:11","slug":"curs-pentru-copii-cum-sa-ne-pregatim-de-drumetie","status":"publish","type":"product","link":"https:\/\/www.startevo.com\/shop\/produs\/curs-pentru-copii-cum-sa-ne-pregatim-de-drumetie\/","title":{"rendered":"Micro-curs pentru copii: Cum s\u0103 ne preg\u0103tim de drume\u021bie"},"content":{"rendered":"<p><strong>Ce vor invata copiii din acest curs:<\/strong><\/p>\n<p>1. Cum pregatim o excursie<br \/>\n2. Trebuie sa stim cat de bine este marcat traseul<br \/>\n3. Verificam starea vremii<br \/>\n4. O regula de aur cand mergem pe munte<br \/>\n5. Ce facem cand intalnim animale pe traseu<br \/>\n6. Alta regula de aur cand mergem pe traseu<br \/>\n7. Ce facem cand gasim un marcaj rupt<br \/>\n8. Cum folosim tehnologia ca sa ne orientam<br \/>\n9. Cum si cand sa apelam la Salvamont<br \/>\n10. Ce trebuie sa le spunem salvatorilor<\/p>\n","protected":false},"excerpt":{"rendered":"<p>Domnul Alex Codreanu, ghid montan, fondator NO GRAVITY, ne explic\u0103 cum s\u0103 ne preg\u0103tim de drume\u021bie, astfel \u00eenc\u00e2t s\u0103 nu avem accidente \u0219i s\u0103 fim \u00een siguran\u021b\u0103.<\/p>\n<p>S-ar putea ca acest curs s\u0103-\u021bi salveze via\u021ba c\u00e2ndva. \u00cencepe-l acum!<\/p>\n<blockquote><p>Unele lucruri chiar nu le stiam. Foarte util!<\/p><\/blockquote>\n<p>Diploma la final<\/p>\n<p>Durata curs aprox 1 ora.<\/p>\n","protected":false},"featured_media":100,"comment_status":"closed","ping_status":"closed","template":"","meta":[],"product_brand":[],"product_cat":[15],"product_tag":[82,83,85,84],"class_list":{"0":"post-99","1":"product","2":"type-product","3":"status-publish","4":"has-post-thumbnail","6":"product_cat-cursuri","7":"product_tag-curs-drumetie","8":"product_tag-curs-montaniard","9":"product_tag-cursuri-drumetie-copii","10":"product_tag-cursuri-mers-pe-munte-copii","12":"first","13":"instock","14":"virtual","15":"purchasable","16":"product-type-simple"},"yoast_head":"<!-- This site is optimized with the Yoast SEO plugin v27.5 - https:\/\/yoast.com\/product\/yoast-seo-wordpress\/ -->\n<title>Micro-curs pentru copii: Cum s\u0103 ne preg\u0103tim de drume\u021bie - Magazinul Caritabil al Asocia\u021biei StartEvo<\/title>\n<meta name=\"robots\" content=\"index, follow, max-snippet:-1, max-image-preview:large, max-video-preview:-1\" \/>\n<link rel=\"canonical\" href=\"https:\/\/www.startevo.com\/shop\/produs\/curs-pentru-copii-cum-sa-ne-pregatim-de-drumetie\/\" \/>\n<meta property=\"og:locale\" content=\"ro_RO\" \/>\n<meta property=\"og:type\" content=\"article\" \/>\n<meta property=\"og:title\" content=\"Micro-curs pentru copii: Cum s\u0103 ne preg\u0103tim de drume\u021bie - Magazinul Caritabil al Asocia\u021biei StartEvo\" \/>\n<meta property=\"og:description\" content=\"Domnul Alex Codreanu, ghid montan, fondator NO GRAVITY, ne explic\u0103 cum s\u0103 ne preg\u0103tim de drume\u021bie, astfel \u00eenc\u00e2t s\u0103 nu avem accidente \u0219i s\u0103 fim \u00een siguran\u021b\u0103.  S-ar putea ca acest curs s\u0103-\u021bi salveze via\u021ba c\u00e2ndva. \u00cencepe-l acum! Unele lucruri chiar nu le stiam. Foarte util! Diploma la final  Durata curs aprox 1 ora.\" \/>\n<meta property=\"og:url\" content=\"https:\/\/www.startevo.com\/shop\/produs\/curs-pentru-copii-cum-sa-ne-pregatim-de-drumetie\/\" \/>\n<meta property=\"og:site_name\" content=\"Magazinul Caritabil al Asocia\u021biei StartEvo\" \/>\n<meta property=\"article:modified_time\" content=\"2025-06-18T12:49:11+00:00\" \/>\n<meta property=\"og:image\" content=\"https:\/\/www.startevo.com\/shop\/wp-content\/uploads\/2022\/01\/cum-sa-ne-pregatim-de-drumetie.jpg\" \/>\n\t<meta property=\"og:image:width\" content=\"2000\" \/>\n\t<meta property=\"og:image:height\" content=\"1333\" \/>\n\t<meta property=\"og:image:type\" content=\"image\/jpeg\" \/>\n<meta name=\"twitter:card\" content=\"summary_large_image\" \/>\n<script type=\"application\/ld+json\" class=\"yoast-schema-graph\">{\"@context\":\"https:\\\/\\\/schema.org\",\"@graph\":[{\"@type\":\"WebPage\",\"@id\":\"https:\\\/\\\/www.startevo.com\\\/shop\\\/produs\\\/curs-pentru-copii-cum-sa-ne-pregatim-de-drumetie\\\/\",\"url\":\"https:\\\/\\\/www.startevo.com\\\/shop\\\/produs\\\/curs-pentru-copii-cum-sa-ne-pregatim-de-drumetie\\\/\",\"name\":\"Micro-curs pentru copii: Cum s\u0103 ne preg\u0103tim de drume\u021bie - Magazinul Caritabil al Asocia\u021biei StartEvo\",\"isPartOf\":{\"@id\":\"https:\\\/\\\/www.startevo.com\\\/shop\\\/#website\"},\"primaryImageOfPage\":{\"@id\":\"https:\\\/\\\/www.startevo.com\\\/shop\\\/produs\\\/curs-pentru-copii-cum-sa-ne-pregatim-de-drumetie\\\/#primaryimage\"},\"image\":{\"@id\":\"https:\\\/\\\/www.startevo.com\\\/shop\\\/produs\\\/curs-pentru-copii-cum-sa-ne-pregatim-de-drumetie\\\/#primaryimage\"},\"thumbnailUrl\":\"https:\\\/\\\/www.startevo.com\\\/shop\\\/wp-content\\\/uploads\\\/2022\\\/01\\\/cum-sa-ne-pregatim-de-drumetie.jpg\",\"datePublished\":\"2022-01-31T09:59:15+00:00\",\"dateModified\":\"2025-06-18T12:49:11+00:00\",\"breadcrumb\":{\"@id\":\"https:\\\/\\\/www.startevo.com\\\/shop\\\/produs\\\/curs-pentru-copii-cum-sa-ne-pregatim-de-drumetie\\\/#breadcrumb\"},\"inLanguage\":\"ro-RO\",\"potentialAction\":[{\"@type\":\"ReadAction\",\"target\":[\"https:\\\/\\\/www.startevo.com\\\/shop\\\/produs\\\/curs-pentru-copii-cum-sa-ne-pregatim-de-drumetie\\\/\"]}]},{\"@type\":\"ImageObject\",\"inLanguage\":\"ro-RO\",\"@id\":\"https:\\\/\\\/www.startevo.com\\\/shop\\\/produs\\\/curs-pentru-copii-cum-sa-ne-pregatim-de-drumetie\\\/#primaryimage\",\"url\":\"https:\\\/\\\/www.startevo.com\\\/shop\\\/wp-content\\\/uploads\\\/2022\\\/01\\\/cum-sa-ne-pregatim-de-drumetie.jpg\",\"contentUrl\":\"https:\\\/\\\/www.startevo.com\\\/shop\\\/wp-content\\\/uploads\\\/2022\\\/01\\\/cum-sa-ne-pregatim-de-drumetie.jpg\",\"width\":2000,\"height\":1333},{\"@type\":\"BreadcrumbList\",\"@id\":\"https:\\\/\\\/www.startevo.com\\\/shop\\\/produs\\\/curs-pentru-copii-cum-sa-ne-pregatim-de-drumetie\\\/#breadcrumb\",\"itemListElement\":[{\"@type\":\"ListItem\",\"position\":1,\"name\":\"Prima pagin\u0103\",\"item\":\"https:\\\/\\\/www.startevo.com\\\/shop\\\/\"},{\"@type\":\"ListItem\",\"position\":2,\"name\":\"Magazin\",\"item\":\"https:\\\/\\\/www.startevo.com\\\/shop\\\/magazin\\\/\"},{\"@type\":\"ListItem\",\"position\":3,\"name\":\"Micro-curs pentru copii: Cum s\u0103 ne preg\u0103tim de drume\u021bie\"}]},{\"@type\":\"WebSite\",\"@id\":\"https:\\\/\\\/www.startevo.com\\\/shop\\\/#website\",\"url\":\"https:\\\/\\\/www.startevo.com\\\/shop\\\/\",\"name\":\"Magazinul Caritabil al Asocia\u021biei StartEvo\",\"description\":\"Vindem cu drag s\u0103 sus\u021binem educa\u021bia copiilor \u00een Rom\u00e2nia\",\"publisher\":{\"@id\":\"https:\\\/\\\/www.startevo.com\\\/shop\\\/#organization\"},\"potentialAction\":[{\"@type\":\"SearchAction\",\"target\":{\"@type\":\"EntryPoint\",\"urlTemplate\":\"https:\\\/\\\/www.startevo.com\\\/shop\\\/?s={search_term_string}\"},\"query-input\":{\"@type\":\"PropertyValueSpecification\",\"valueRequired\":true,\"valueName\":\"search_term_string\"}}],\"inLanguage\":\"ro-RO\"},{\"@type\":\"Organization\",\"@id\":\"https:\\\/\\\/www.startevo.com\\\/shop\\\/#organization\",\"name\":\"Magazinul Caritabil al Asocia\u021biei StartEvo\",\"url\":\"https:\\\/\\\/www.startevo.com\\\/shop\\\/\",\"logo\":{\"@type\":\"ImageObject\",\"inLanguage\":\"ro-RO\",\"@id\":\"https:\\\/\\\/www.startevo.com\\\/shop\\\/#\\\/schema\\\/logo\\\/image\\\/\",\"url\":\"https:\\\/\\\/www.startevo.com\\\/shop\\\/wp-content\\\/uploads\\\/2023\\\/10\\\/cropped-LOGO-MAGAZIN-CARITABIL-STARTEVO.jpg\",\"contentUrl\":\"https:\\\/\\\/www.startevo.com\\\/shop\\\/wp-content\\\/uploads\\\/2023\\\/10\\\/cropped-LOGO-MAGAZIN-CARITABIL-STARTEVO.jpg\",\"width\":800,\"height\":187,\"caption\":\"Magazinul Caritabil al Asocia\u021biei StartEvo\"},\"image\":{\"@id\":\"https:\\\/\\\/www.startevo.com\\\/shop\\\/#\\\/schema\\\/logo\\\/image\\\/\"}}]}<\/script>\n<!-- \/ Yoast SEO plugin. -->","yoast_head_json":{"title":"Micro-curs pentru copii: Cum s\u0103 ne preg\u0103tim de drume\u021bie - Magazinul Caritabil al Asocia\u021biei StartEvo","robots":{"index":"index","follow":"follow","max-snippet":"max-snippet:-1","max-image-preview":"max-image-preview:large","max-video-preview":"max-video-preview:-1"},"canonical":"https:\/\/www.startevo.com\/shop\/produs\/curs-pentru-copii-cum-sa-ne-pregatim-de-drumetie\/","og_locale":"ro_RO","og_type":"article","og_title":"Micro-curs pentru copii: Cum s\u0103 ne preg\u0103tim de drume\u021bie - Magazinul Caritabil al Asocia\u021biei StartEvo","og_description":"Domnul Alex Codreanu, ghid montan, fondator NO GRAVITY, ne explic\u0103 cum s\u0103 ne preg\u0103tim de drume\u021bie, astfel \u00eenc\u00e2t s\u0103 nu avem accidente \u0219i s\u0103 fim \u00een siguran\u021b\u0103.  S-ar putea ca acest curs s\u0103-\u021bi salveze via\u021ba c\u00e2ndva. \u00cencepe-l acum! Unele lucruri chiar nu le stiam. Foarte util! Diploma la final  Durata curs aprox 1 ora.","og_url":"https:\/\/www.startevo.com\/shop\/produs\/curs-pentru-copii-cum-sa-ne-pregatim-de-drumetie\/","og_site_name":"Magazinul Caritabil al Asocia\u021biei StartEvo","article_modified_time":"2025-06-18T12:49:11+00:00","og_image":[{"width":2000,"height":1333,"url":"https:\/\/www.startevo.com\/shop\/wp-content\/uploads\/2022\/01\/cum-sa-ne-pregatim-de-drumetie.jpg","type":"image\/jpeg"}],"twitter_card":"summary_large_image","schema":{"@context":"https:\/\/schema.org","@graph":[{"@type":"WebPage","@id":"https:\/\/www.startevo.com\/shop\/produs\/curs-pentru-copii-cum-sa-ne-pregatim-de-drumetie\/","url":"https:\/\/www.startevo.com\/shop\/produs\/curs-pentru-copii-cum-sa-ne-pregatim-de-drumetie\/","name":"Micro-curs pentru copii: Cum s\u0103 ne preg\u0103tim de drume\u021bie - Magazinul Caritabil al Asocia\u021biei StartEvo","isPartOf":{"@id":"https:\/\/www.startevo.com\/shop\/#website"},"primaryImageOfPage":{"@id":"https:\/\/www.startevo.com\/shop\/produs\/curs-pentru-copii-cum-sa-ne-pregatim-de-drumetie\/#primaryimage"},"image":{"@id":"https:\/\/www.startevo.com\/shop\/produs\/curs-pentru-copii-cum-sa-ne-pregatim-de-drumetie\/#primaryimage"},"thumbnailUrl":"https:\/\/www.startevo.com\/shop\/wp-content\/uploads\/2022\/01\/cum-sa-ne-pregatim-de-drumetie.jpg","datePublished":"2022-01-31T09:59:15+00:00","dateModified":"2025-06-18T12:49:11+00:00","breadcrumb":{"@id":"https:\/\/www.startevo.com\/shop\/produs\/curs-pentru-copii-cum-sa-ne-pregatim-de-drumetie\/#breadcrumb"},"inLanguage":"ro-RO","potentialAction":[{"@type":"ReadAction","target":["https:\/\/www.startevo.com\/shop\/produs\/curs-pentru-copii-cum-sa-ne-pregatim-de-drumetie\/"]}]},{"@type":"ImageObject","inLanguage":"ro-RO","@id":"https:\/\/www.startevo.com\/shop\/produs\/curs-pentru-copii-cum-sa-ne-pregatim-de-drumetie\/#primaryimage","url":"https:\/\/www.startevo.com\/shop\/wp-content\/uploads\/2022\/01\/cum-sa-ne-pregatim-de-drumetie.jpg","contentUrl":"https:\/\/www.startevo.com\/shop\/wp-content\/uploads\/2022\/01\/cum-sa-ne-pregatim-de-drumetie.jpg","width":2000,"height":1333},{"@type":"BreadcrumbList","@id":"https:\/\/www.startevo.com\/shop\/produs\/curs-pentru-copii-cum-sa-ne-pregatim-de-drumetie\/#breadcrumb","itemListElement":[{"@type":"ListItem","position":1,"name":"Prima pagin\u0103","item":"https:\/\/www.startevo.com\/shop\/"},{"@type":"ListItem","position":2,"name":"Magazin","item":"https:\/\/www.startevo.com\/shop\/magazin\/"},{"@type":"ListItem","position":3,"name":"Micro-curs pentru copii: Cum s\u0103 ne preg\u0103tim de drume\u021bie"}]},{"@type":"WebSite","@id":"https:\/\/www.startevo.com\/shop\/#website","url":"https:\/\/www.startevo.com\/shop\/","name":"Magazinul Caritabil al Asocia\u021biei StartEvo","description":"Vindem cu drag s\u0103 sus\u021binem educa\u021bia copiilor \u00een Rom\u00e2nia","publisher":{"@id":"https:\/\/www.startevo.com\/shop\/#organization"},"potentialAction":[{"@type":"SearchAction","target":{"@type":"EntryPoint","urlTemplate":"https:\/\/www.startevo.com\/shop\/?s={search_term_string}"},"query-input":{"@type":"PropertyValueSpecification","valueRequired":true,"valueName":"search_term_string"}}],"inLanguage":"ro-RO"},{"@type":"Organization","@id":"https:\/\/www.startevo.com\/shop\/#organization","name":"Magazinul Caritabil al Asocia\u021biei StartEvo","url":"https:\/\/www.startevo.com\/shop\/","logo":{"@type":"ImageObject","inLanguage":"ro-RO","@id":"https:\/\/www.startevo.com\/shop\/#\/schema\/logo\/image\/","url":"https:\/\/www.startevo.com\/shop\/wp-content\/uploads\/2023\/10\/cropped-LOGO-MAGAZIN-CARITABIL-STARTEVO.jpg","contentUrl":"https:\/\/www.startevo.com\/shop\/wp-content\/uploads\/2023\/10\/cropped-LOGO-MAGAZIN-CARITABIL-STARTEVO.jpg","width":800,"height":187,"caption":"Magazinul Caritabil al Asocia\u021biei StartEvo"},"image":{"@id":"https:\/\/www.startevo.com\/shop\/#\/schema\/logo\/image\/"}}]}},"_links":{"self":[{"href":"https:\/\/www.startevo.com\/shop\/wp-json\/wp\/v2\/product\/99","targetHints":{"allow":["GET"]}}],"collection":[{"href":"https:\/\/www.startevo.com\/shop\/wp-json\/wp\/v2\/product"}],"about":[{"href":"https:\/\/www.startevo.com\/shop\/wp-json\/wp\/v2\/types\/product"}],"replies":[{"embeddable":true,"href":"https:\/\/www.startevo.com\/shop\/wp-json\/wp\/v2\/comments?post=99"}],"wp:featuredmedia":[{"embeddable":true,"href":"https:\/\/www.startevo.com\/shop\/wp-json\/wp\/v2\/media\/100"}],"wp:attachment":[{"href":"https:\/\/www.startevo.com\/shop\/wp-json\/wp\/v2\/media?parent=99"}],"wp:term":[{"taxonomy":"product_brand","embeddable":true,"href":"https:\/\/www.startevo.com\/shop\/wp-json\/wp\/v2\/product_brand?post=99"},{"taxonomy":"product_cat","embeddable":true,"href":"https:\/\/www.startevo.com\/shop\/wp-json\/wp\/v2\/product_cat?post=99"},{"taxonomy":"product_tag","embeddable":true,"href":"https:\/\/www.startevo.com\/shop\/wp-json\/wp\/v2\/product_tag?post=99"}],"curies":[{"name":"wp","href":"https:\/\/api.w.org\/{rel}","templated":true}]}}