{"id":89,"date":"2022-01-31T11:44:43","date_gmt":"2022-01-31T09:44:43","guid":{"rendered":"https:\/\/www.startevo.com\/shop\/?post_type=product&#038;p=89"},"modified":"2025-06-18T15:47:34","modified_gmt":"2025-06-18T12:47:34","slug":"micro-curs-pentru-copii-cum-sa-ne-facem-obiceiuri-bune","status":"publish","type":"product","link":"https:\/\/www.startevo.com\/shop\/produs\/micro-curs-pentru-copii-cum-sa-ne-facem-obiceiuri-bune\/","title":{"rendered":"Micro-curs pentru copii: Cum s\u0103 ne facem obiceiuri bune"},"content":{"rendered":"<p><strong>Ce vor invata copii din acest curs:<\/strong><\/p>\n<p>Introducere \u2013 Curs obiceiuri bune<br \/>\nDe ce micile schimb\u0103ri creeaz\u0103 mari diferen\u021be \u00een succes?<br \/>\nDe ce s\u0103 eviden\u021biem indiciile<br \/>\nCum s\u0103 facem obiceiurile s\u0103 fie atractive?<br \/>\nDe ce s\u0103 facem ac\u021biunile s\u0103 fie u\u0219or de executat?<br \/>\nDe ce trebuie musai ca ac\u021biunile s\u0103 creeze satisfac\u021bie?<br \/>\nCum s\u0103 cre\u0219ti de la rezultate bune la rezultate EXCEP\u021aIONALE<br \/>\nConcluzii \u0219i pa\u0219i urm\u0103tori<br \/>\nFor\u021ba micilor obiceiuri<br \/>\nCe \u00eenseamn\u0103 s\u0103 devii mai bun cu 1% pe zi?<br \/>\nCum evolueaz\u0103 \u00een mod real rezultatele \u00een func\u021bie de timp<br \/>\nCare este asem\u0103narea dintre c\u00e2\u0219tig\u0103tori \u0219i perdan\u021bi?<br \/>\nDe ce conteaz\u0103 identitatea ta \u00een a avea obiceiuri bune<br \/>\nCum func\u021bioneaz\u0103 obiceiurile bune sau proaste?<\/p>\n","protected":false},"excerpt":{"rendered":"<p>Durata curs aprox 1 ora.<\/p>\n<p>Succesul \u00een via\u021b\u0103 este influen\u021bat ENORM de obiceiurile bune (\u0219i obiceiurile proaste). \u00cen acest micro-curs vei \u00eenv\u0103\u021ba cum s\u0103 devii un \u00eenving\u0103tor, folosind \u00een avantajul t\u0103u obiceiurile.<\/p>\n<p>Credem cu t\u0103rie c\u0103 dac\u0103 vei face acest micro-curs \u0219i vei aplica ce spunem aici, atunci vei avea o via\u021b\u0103 excelent\u0103 \u0219i un mare succes \u00een toate domeniile tale de interes.<\/p>\n<blockquote><p>Un curs foarte eficient si placut. Ana-Mariei i-a placut foarte mult. Bravo<\/p><\/blockquote>\n","protected":false},"featured_media":90,"comment_status":"closed","ping_status":"closed","template":"","meta":{"jetpack_publicize_message":"","jetpack_publicize_feature_enabled":true,"jetpack_social_post_already_shared":false,"jetpack_social_options":{"image_generator_settings":{"template":"highway","default_image_id":0,"font":"","enabled":false},"version":2}},"product_brand":[],"product_cat":[15],"product_tag":[68],"class_list":{"0":"post-89","1":"product","2":"type-product","3":"status-publish","4":"has-post-thumbnail","6":"product_cat-cursuri","7":"product_tag-curs-copii-obiceiuri-bune","9":"first","10":"instock","11":"virtual","12":"purchasable","13":"product-type-simple"},"yoast_head":"<!-- This site is optimized with the Yoast SEO plugin v27.5 - https:\/\/yoast.com\/product\/yoast-seo-wordpress\/ -->\n<title>Micro-curs pentru copii: Cum s\u0103 ne facem obiceiuri bune - Magazinul Caritabil al Asocia\u021biei StartEvo<\/title>\n<meta name=\"robots\" content=\"index, follow, max-snippet:-1, max-image-preview:large, max-video-preview:-1\" \/>\n<link rel=\"canonical\" href=\"https:\/\/www.startevo.com\/shop\/produs\/micro-curs-pentru-copii-cum-sa-ne-facem-obiceiuri-bune\/\" \/>\n<meta property=\"og:locale\" content=\"ro_RO\" \/>\n<meta property=\"og:type\" content=\"article\" \/>\n<meta property=\"og:title\" content=\"Micro-curs pentru copii: Cum s\u0103 ne facem obiceiuri bune - Magazinul Caritabil al Asocia\u021biei StartEvo\" \/>\n<meta property=\"og:description\" content=\"Durata curs aprox 1 ora.  Succesul \u00een via\u021b\u0103 este influen\u021bat ENORM de obiceiurile bune (\u0219i obiceiurile proaste). \u00cen acest micro-curs vei \u00eenv\u0103\u021ba cum s\u0103 devii un \u00eenving\u0103tor, folosind \u00een avantajul t\u0103u obiceiurile.  Credem cu t\u0103rie c\u0103 dac\u0103 vei face acest micro-curs \u0219i vei aplica ce spunem aici, atunci vei avea o via\u021b\u0103 excelent\u0103 \u0219i un mare succes \u00een toate domeniile tale de interes. Un curs foarte eficient si placut. Ana-Mariei i-a placut foarte mult. Bravo\" \/>\n<meta property=\"og:url\" content=\"https:\/\/www.startevo.com\/shop\/produs\/micro-curs-pentru-copii-cum-sa-ne-facem-obiceiuri-bune\/\" \/>\n<meta property=\"og:site_name\" content=\"Magazinul Caritabil al Asocia\u021biei StartEvo\" \/>\n<meta property=\"article:modified_time\" content=\"2025-06-18T12:47:34+00:00\" \/>\n<meta property=\"og:image\" content=\"https:\/\/www.startevo.com\/shop\/wp-content\/uploads\/2022\/01\/cum-sa-ti-faci-obiceiuri-bune.jpg\" \/>\n\t<meta property=\"og:image:width\" content=\"1920\" \/>\n\t<meta property=\"og:image:height\" content=\"960\" \/>\n\t<meta property=\"og:image:type\" content=\"image\/jpeg\" \/>\n<meta name=\"twitter:card\" content=\"summary_large_image\" \/>\n<meta name=\"twitter:label1\" content=\"Timp estimat pentru citire\" \/>\n\t<meta name=\"twitter:data1\" content=\"1 minut\" \/>\n<script type=\"application\/ld+json\" class=\"yoast-schema-graph\">{\"@context\":\"https:\\\/\\\/schema.org\",\"@graph\":[{\"@type\":\"WebPage\",\"@id\":\"https:\\\/\\\/www.startevo.com\\\/shop\\\/produs\\\/micro-curs-pentru-copii-cum-sa-ne-facem-obiceiuri-bune\\\/\",\"url\":\"https:\\\/\\\/www.startevo.com\\\/shop\\\/produs\\\/micro-curs-pentru-copii-cum-sa-ne-facem-obiceiuri-bune\\\/\",\"name\":\"Micro-curs pentru copii: Cum s\u0103 ne facem obiceiuri bune - Magazinul Caritabil al Asocia\u021biei StartEvo\",\"isPartOf\":{\"@id\":\"https:\\\/\\\/www.startevo.com\\\/shop\\\/#website\"},\"primaryImageOfPage\":{\"@id\":\"https:\\\/\\\/www.startevo.com\\\/shop\\\/produs\\\/micro-curs-pentru-copii-cum-sa-ne-facem-obiceiuri-bune\\\/#primaryimage\"},\"image\":{\"@id\":\"https:\\\/\\\/www.startevo.com\\\/shop\\\/produs\\\/micro-curs-pentru-copii-cum-sa-ne-facem-obiceiuri-bune\\\/#primaryimage\"},\"thumbnailUrl\":\"https:\\\/\\\/i0.wp.com\\\/www.startevo.com\\\/shop\\\/wp-content\\\/uploads\\\/2022\\\/01\\\/cum-sa-ti-faci-obiceiuri-bune.jpg?fit=1920%2C960&ssl=1\",\"datePublished\":\"2022-01-31T09:44:43+00:00\",\"dateModified\":\"2025-06-18T12:47:34+00:00\",\"breadcrumb\":{\"@id\":\"https:\\\/\\\/www.startevo.com\\\/shop\\\/produs\\\/micro-curs-pentru-copii-cum-sa-ne-facem-obiceiuri-bune\\\/#breadcrumb\"},\"inLanguage\":\"ro-RO\",\"potentialAction\":[{\"@type\":\"ReadAction\",\"target\":[\"https:\\\/\\\/www.startevo.com\\\/shop\\\/produs\\\/micro-curs-pentru-copii-cum-sa-ne-facem-obiceiuri-bune\\\/\"]}]},{\"@type\":\"ImageObject\",\"inLanguage\":\"ro-RO\",\"@id\":\"https:\\\/\\\/www.startevo.com\\\/shop\\\/produs\\\/micro-curs-pentru-copii-cum-sa-ne-facem-obiceiuri-bune\\\/#primaryimage\",\"url\":\"https:\\\/\\\/i0.wp.com\\\/www.startevo.com\\\/shop\\\/wp-content\\\/uploads\\\/2022\\\/01\\\/cum-sa-ti-faci-obiceiuri-bune.jpg?fit=1920%2C960&ssl=1\",\"contentUrl\":\"https:\\\/\\\/i0.wp.com\\\/www.startevo.com\\\/shop\\\/wp-content\\\/uploads\\\/2022\\\/01\\\/cum-sa-ti-faci-obiceiuri-bune.jpg?fit=1920%2C960&ssl=1\",\"width\":1920,\"height\":960},{\"@type\":\"BreadcrumbList\",\"@id\":\"https:\\\/\\\/www.startevo.com\\\/shop\\\/produs\\\/micro-curs-pentru-copii-cum-sa-ne-facem-obiceiuri-bune\\\/#breadcrumb\",\"itemListElement\":[{\"@type\":\"ListItem\",\"position\":1,\"name\":\"Prima pagin\u0103\",\"item\":\"https:\\\/\\\/www.startevo.com\\\/shop\\\/\"},{\"@type\":\"ListItem\",\"position\":2,\"name\":\"Magazin\",\"item\":\"https:\\\/\\\/www.startevo.com\\\/shop\\\/magazin\\\/\"},{\"@type\":\"ListItem\",\"position\":3,\"name\":\"Micro-curs pentru copii: Cum s\u0103 ne facem obiceiuri bune\"}]},{\"@type\":\"WebSite\",\"@id\":\"https:\\\/\\\/www.startevo.com\\\/shop\\\/#website\",\"url\":\"https:\\\/\\\/www.startevo.com\\\/shop\\\/\",\"name\":\"Magazinul Caritabil al Asocia\u021biei StartEvo\",\"description\":\"Vindem cu drag s\u0103 sus\u021binem educa\u021bia copiilor \u00een Rom\u00e2nia\",\"publisher\":{\"@id\":\"https:\\\/\\\/www.startevo.com\\\/shop\\\/#organization\"},\"potentialAction\":[{\"@type\":\"SearchAction\",\"target\":{\"@type\":\"EntryPoint\",\"urlTemplate\":\"https:\\\/\\\/www.startevo.com\\\/shop\\\/?s={search_term_string}\"},\"query-input\":{\"@type\":\"PropertyValueSpecification\",\"valueRequired\":true,\"valueName\":\"search_term_string\"}}],\"inLanguage\":\"ro-RO\"},{\"@type\":\"Organization\",\"@id\":\"https:\\\/\\\/www.startevo.com\\\/shop\\\/#organization\",\"name\":\"Magazinul Caritabil al Asocia\u021biei StartEvo\",\"url\":\"https:\\\/\\\/www.startevo.com\\\/shop\\\/\",\"logo\":{\"@type\":\"ImageObject\",\"inLanguage\":\"ro-RO\",\"@id\":\"https:\\\/\\\/www.startevo.com\\\/shop\\\/#\\\/schema\\\/logo\\\/image\\\/\",\"url\":\"https:\\\/\\\/i0.wp.com\\\/www.startevo.com\\\/shop\\\/wp-content\\\/uploads\\\/2023\\\/10\\\/cropped-LOGO-MAGAZIN-CARITABIL-STARTEVO.jpg?fit=800%2C187&ssl=1\",\"contentUrl\":\"https:\\\/\\\/i0.wp.com\\\/www.startevo.com\\\/shop\\\/wp-content\\\/uploads\\\/2023\\\/10\\\/cropped-LOGO-MAGAZIN-CARITABIL-STARTEVO.jpg?fit=800%2C187&ssl=1\",\"width\":800,\"height\":187,\"caption\":\"Magazinul Caritabil al Asocia\u021biei StartEvo\"},\"image\":{\"@id\":\"https:\\\/\\\/www.startevo.com\\\/shop\\\/#\\\/schema\\\/logo\\\/image\\\/\"}}]}<\/script>\n<!-- \/ Yoast SEO plugin. -->","yoast_head_json":{"title":"Micro-curs pentru copii: Cum s\u0103 ne facem obiceiuri bune - Magazinul Caritabil al Asocia\u021biei StartEvo","robots":{"index":"index","follow":"follow","max-snippet":"max-snippet:-1","max-image-preview":"max-image-preview:large","max-video-preview":"max-video-preview:-1"},"canonical":"https:\/\/www.startevo.com\/shop\/produs\/micro-curs-pentru-copii-cum-sa-ne-facem-obiceiuri-bune\/","og_locale":"ro_RO","og_type":"article","og_title":"Micro-curs pentru copii: Cum s\u0103 ne facem obiceiuri bune - Magazinul Caritabil al Asocia\u021biei StartEvo","og_description":"Durata curs aprox 1 ora.  Succesul \u00een via\u021b\u0103 este influen\u021bat ENORM de obiceiurile bune (\u0219i obiceiurile proaste). \u00cen acest micro-curs vei \u00eenv\u0103\u021ba cum s\u0103 devii un \u00eenving\u0103tor, folosind \u00een avantajul t\u0103u obiceiurile.  Credem cu t\u0103rie c\u0103 dac\u0103 vei face acest micro-curs \u0219i vei aplica ce spunem aici, atunci vei avea o via\u021b\u0103 excelent\u0103 \u0219i un mare succes \u00een toate domeniile tale de interes. Un curs foarte eficient si placut. Ana-Mariei i-a placut foarte mult. Bravo","og_url":"https:\/\/www.startevo.com\/shop\/produs\/micro-curs-pentru-copii-cum-sa-ne-facem-obiceiuri-bune\/","og_site_name":"Magazinul Caritabil al Asocia\u021biei StartEvo","article_modified_time":"2025-06-18T12:47:34+00:00","og_image":[{"width":1920,"height":960,"url":"https:\/\/www.startevo.com\/shop\/wp-content\/uploads\/2022\/01\/cum-sa-ti-faci-obiceiuri-bune.jpg","type":"image\/jpeg"}],"twitter_card":"summary_large_image","twitter_misc":{"Timp estimat pentru citire":"1 minut"},"schema":{"@context":"https:\/\/schema.org","@graph":[{"@type":"WebPage","@id":"https:\/\/www.startevo.com\/shop\/produs\/micro-curs-pentru-copii-cum-sa-ne-facem-obiceiuri-bune\/","url":"https:\/\/www.startevo.com\/shop\/produs\/micro-curs-pentru-copii-cum-sa-ne-facem-obiceiuri-bune\/","name":"Micro-curs pentru copii: Cum s\u0103 ne facem obiceiuri bune - Magazinul Caritabil al Asocia\u021biei StartEvo","isPartOf":{"@id":"https:\/\/www.startevo.com\/shop\/#website"},"primaryImageOfPage":{"@id":"https:\/\/www.startevo.com\/shop\/produs\/micro-curs-pentru-copii-cum-sa-ne-facem-obiceiuri-bune\/#primaryimage"},"image":{"@id":"https:\/\/www.startevo.com\/shop\/produs\/micro-curs-pentru-copii-cum-sa-ne-facem-obiceiuri-bune\/#primaryimage"},"thumbnailUrl":"https:\/\/i0.wp.com\/www.startevo.com\/shop\/wp-content\/uploads\/2022\/01\/cum-sa-ti-faci-obiceiuri-bune.jpg?fit=1920%2C960&ssl=1","datePublished":"2022-01-31T09:44:43+00:00","dateModified":"2025-06-18T12:47:34+00:00","breadcrumb":{"@id":"https:\/\/www.startevo.com\/shop\/produs\/micro-curs-pentru-copii-cum-sa-ne-facem-obiceiuri-bune\/#breadcrumb"},"inLanguage":"ro-RO","potentialAction":[{"@type":"ReadAction","target":["https:\/\/www.startevo.com\/shop\/produs\/micro-curs-pentru-copii-cum-sa-ne-facem-obiceiuri-bune\/"]}]},{"@type":"ImageObject","inLanguage":"ro-RO","@id":"https:\/\/www.startevo.com\/shop\/produs\/micro-curs-pentru-copii-cum-sa-ne-facem-obiceiuri-bune\/#primaryimage","url":"https:\/\/i0.wp.com\/www.startevo.com\/shop\/wp-content\/uploads\/2022\/01\/cum-sa-ti-faci-obiceiuri-bune.jpg?fit=1920%2C960&ssl=1","contentUrl":"https:\/\/i0.wp.com\/www.startevo.com\/shop\/wp-content\/uploads\/2022\/01\/cum-sa-ti-faci-obiceiuri-bune.jpg?fit=1920%2C960&ssl=1","width":1920,"height":960},{"@type":"BreadcrumbList","@id":"https:\/\/www.startevo.com\/shop\/produs\/micro-curs-pentru-copii-cum-sa-ne-facem-obiceiuri-bune\/#breadcrumb","itemListElement":[{"@type":"ListItem","position":1,"name":"Prima pagin\u0103","item":"https:\/\/www.startevo.com\/shop\/"},{"@type":"ListItem","position":2,"name":"Magazin","item":"https:\/\/www.startevo.com\/shop\/magazin\/"},{"@type":"ListItem","position":3,"name":"Micro-curs pentru copii: Cum s\u0103 ne facem obiceiuri bune"}]},{"@type":"WebSite","@id":"https:\/\/www.startevo.com\/shop\/#website","url":"https:\/\/www.startevo.com\/shop\/","name":"Magazinul Caritabil al Asocia\u021biei StartEvo","description":"Vindem cu drag s\u0103 sus\u021binem educa\u021bia copiilor \u00een Rom\u00e2nia","publisher":{"@id":"https:\/\/www.startevo.com\/shop\/#organization"},"potentialAction":[{"@type":"SearchAction","target":{"@type":"EntryPoint","urlTemplate":"https:\/\/www.startevo.com\/shop\/?s={search_term_string}"},"query-input":{"@type":"PropertyValueSpecification","valueRequired":true,"valueName":"search_term_string"}}],"inLanguage":"ro-RO"},{"@type":"Organization","@id":"https:\/\/www.startevo.com\/shop\/#organization","name":"Magazinul Caritabil al Asocia\u021biei StartEvo","url":"https:\/\/www.startevo.com\/shop\/","logo":{"@type":"ImageObject","inLanguage":"ro-RO","@id":"https:\/\/www.startevo.com\/shop\/#\/schema\/logo\/image\/","url":"https:\/\/i0.wp.com\/www.startevo.com\/shop\/wp-content\/uploads\/2023\/10\/cropped-LOGO-MAGAZIN-CARITABIL-STARTEVO.jpg?fit=800%2C187&ssl=1","contentUrl":"https:\/\/i0.wp.com\/www.startevo.com\/shop\/wp-content\/uploads\/2023\/10\/cropped-LOGO-MAGAZIN-CARITABIL-STARTEVO.jpg?fit=800%2C187&ssl=1","width":800,"height":187,"caption":"Magazinul Caritabil al Asocia\u021biei StartEvo"},"image":{"@id":"https:\/\/www.startevo.com\/shop\/#\/schema\/logo\/image\/"}}]}},"jetpack_publicize_connections":[],"jetpack_likes_enabled":true,"jetpack_sharing_enabled":true,"jetpack-related-posts":[],"_links":{"self":[{"href":"https:\/\/www.startevo.com\/shop\/wp-json\/wp\/v2\/product\/89","targetHints":{"allow":["GET"]}}],"collection":[{"href":"https:\/\/www.startevo.com\/shop\/wp-json\/wp\/v2\/product"}],"about":[{"href":"https:\/\/www.startevo.com\/shop\/wp-json\/wp\/v2\/types\/product"}],"replies":[{"embeddable":true,"href":"https:\/\/www.startevo.com\/shop\/wp-json\/wp\/v2\/comments?post=89"}],"wp:featuredmedia":[{"embeddable":true,"href":"https:\/\/www.startevo.com\/shop\/wp-json\/wp\/v2\/media\/90"}],"wp:attachment":[{"href":"https:\/\/www.startevo.com\/shop\/wp-json\/wp\/v2\/media?parent=89"}],"wp:term":[{"taxonomy":"product_brand","embeddable":true,"href":"https:\/\/www.startevo.com\/shop\/wp-json\/wp\/v2\/product_brand?post=89"},{"taxonomy":"product_cat","embeddable":true,"href":"https:\/\/www.startevo.com\/shop\/wp-json\/wp\/v2\/product_cat?post=89"},{"taxonomy":"product_tag","embeddable":true,"href":"https:\/\/www.startevo.com\/shop\/wp-json\/wp\/v2\/product_tag?post=89"}],"curies":[{"name":"wp","href":"https:\/\/api.w.org\/{rel}","templated":true}]}}