{"id":83,"date":"2022-01-31T11:31:42","date_gmt":"2022-01-31T09:31:42","guid":{"rendered":"https:\/\/www.startevo.com\/shop\/?post_type=product&#038;p=83"},"modified":"2025-06-18T15:48:35","modified_gmt":"2025-06-18T12:48:35","slug":"curs-pentru-copii-cum-sa-negociezi-cum-sa-influentezi-si-sa-convingi-alti-oameni","status":"publish","type":"product","link":"https:\/\/www.startevo.com\/shop\/produs\/curs-pentru-copii-cum-sa-negociezi-cum-sa-influentezi-si-sa-convingi-alti-oameni\/","title":{"rendered":"Micro-curs pentru copii &#8211; Cum s\u0103 negociezi, cum s\u0103 influen\u021bezi \u0219i s\u0103 convingi al\u021bi oameni"},"content":{"rendered":"<p><strong>Ce vor invata copiii<\/strong><\/p>\n<p>Tactica #1. Descoper\u0103 care sunt interesele celelaltei persoane<br \/>\nTactica #2. Folose\u0219te procese care s\u0103 creeze rezonan\u021b\u0103<br \/>\nTactica #3. Indu reciprocitatea<br \/>\nTactica #4. Recunoa\u0219te deschis un lucru cu care nu te m\u00e2ndre\u0219ti<br \/>\nTactica #5. Ofer\u0103-te \u00eentotdeaun\u0103 s\u0103-i aju\u021bi pe ceilal\u021bi<br \/>\nTactica #6. Identific\u0103 du\u0219manul comun<br \/>\nTactica #7. Spune o povestioar\u0103 cu un personaj foarte asem\u0103n\u0103tor cu \u021binta ta<br \/>\nTactica #8. F\u0103 complimente<br \/>\nTactica #9. Exceed expectations<br \/>\nTactica #10. Promite \u0219i \u021bine-te de cuv\u00e2nt<br \/>\nTactica #11. Ajut\u0103-i s\u0103 fac\u0103 parte din grupul t\u0103u<br \/>\nTactica #12. F\u0103 un contrast foarte mare \u00eentre 2 op\u021biuni<br \/>\nTactica #13. Ajut\u0103\u021bi partenerul s\u0103 vizualizeze rezultatul final, dac\u0103 zice DA<br \/>\nTactica #14. Oamenii cred ce spun ei, nu ce spui tu<\/p>\n","protected":false},"excerpt":{"rendered":"<blockquote><p>Este cea mai bun\u0103 investi\u021bie a mea, de departe. Merit\u0103.<\/p><\/blockquote>\n<p><strong>Durata curs<\/strong> aprox 1 ora<\/p>\n<p>Diploma la final<\/p>\n","protected":false},"featured_media":84,"comment_status":"closed","ping_status":"closed","template":"","meta":[],"product_brand":[],"product_cat":[15],"product_tag":[64,62,63],"class_list":{"0":"post-83","1":"product","2":"type-product","3":"status-publish","4":"has-post-thumbnail","6":"product_cat-cursuri","7":"product_tag-curs-de-influentat","8":"product_tag-curs-negociere","9":"product_tag-curs-negociere-pentru-copii","11":"first","12":"instock","13":"virtual","14":"purchasable","15":"product-type-simple"},"yoast_head":"<!-- This site is optimized with the Yoast SEO plugin v27.6 - https:\/\/yoast.com\/product\/yoast-seo-wordpress\/ -->\n<title>Micro-curs pentru copii - Cum s\u0103 negociezi, cum s\u0103 influen\u021bezi \u0219i s\u0103 convingi al\u021bi oameni - Magazinul Caritabil al Asocia\u021biei StartEvo<\/title>\n<meta name=\"robots\" content=\"index, follow, max-snippet:-1, max-image-preview:large, max-video-preview:-1\" \/>\n<link rel=\"canonical\" href=\"https:\/\/www.startevo.com\/shop\/produs\/curs-pentru-copii-cum-sa-negociezi-cum-sa-influentezi-si-sa-convingi-alti-oameni\/\" \/>\n<meta property=\"og:locale\" content=\"ro_RO\" \/>\n<meta property=\"og:type\" content=\"article\" \/>\n<meta property=\"og:title\" content=\"Micro-curs pentru copii - Cum s\u0103 negociezi, cum s\u0103 influen\u021bezi \u0219i s\u0103 convingi al\u021bi oameni - Magazinul Caritabil al Asocia\u021biei StartEvo\" \/>\n<meta property=\"og:description\" content=\"Este cea mai bun\u0103 investi\u021bie a mea, de departe. Merit\u0103. Durata curs aprox 1 ora  Diploma la final\" \/>\n<meta property=\"og:url\" content=\"https:\/\/www.startevo.com\/shop\/produs\/curs-pentru-copii-cum-sa-negociezi-cum-sa-influentezi-si-sa-convingi-alti-oameni\/\" \/>\n<meta property=\"og:site_name\" content=\"Magazinul Caritabil al Asocia\u021biei StartEvo\" \/>\n<meta property=\"article:modified_time\" content=\"2025-06-18T12:48:35+00:00\" \/>\n<meta property=\"og:image\" content=\"https:\/\/www.startevo.com\/shop\/wp-content\/uploads\/2022\/01\/curs-de-negociere.jpg\" \/>\n\t<meta property=\"og:image:width\" content=\"1000\" \/>\n\t<meta property=\"og:image:height\" content=\"559\" \/>\n\t<meta property=\"og:image:type\" content=\"image\/jpeg\" \/>\n<meta name=\"twitter:card\" content=\"summary_large_image\" \/>\n<meta name=\"twitter:label1\" content=\"Timp estimat pentru citire\" \/>\n\t<meta name=\"twitter:data1\" content=\"1 minut\" \/>\n<script type=\"application\/ld+json\" class=\"yoast-schema-graph\">{\"@context\":\"https:\\\/\\\/schema.org\",\"@graph\":[{\"@type\":\"WebPage\",\"@id\":\"https:\\\/\\\/www.startevo.com\\\/shop\\\/produs\\\/curs-pentru-copii-cum-sa-negociezi-cum-sa-influentezi-si-sa-convingi-alti-oameni\\\/\",\"url\":\"https:\\\/\\\/www.startevo.com\\\/shop\\\/produs\\\/curs-pentru-copii-cum-sa-negociezi-cum-sa-influentezi-si-sa-convingi-alti-oameni\\\/\",\"name\":\"Micro-curs pentru copii - Cum s\u0103 negociezi, cum s\u0103 influen\u021bezi \u0219i s\u0103 convingi al\u021bi oameni - Magazinul Caritabil al Asocia\u021biei StartEvo\",\"isPartOf\":{\"@id\":\"https:\\\/\\\/www.startevo.com\\\/shop\\\/#website\"},\"primaryImageOfPage\":{\"@id\":\"https:\\\/\\\/www.startevo.com\\\/shop\\\/produs\\\/curs-pentru-copii-cum-sa-negociezi-cum-sa-influentezi-si-sa-convingi-alti-oameni\\\/#primaryimage\"},\"image\":{\"@id\":\"https:\\\/\\\/www.startevo.com\\\/shop\\\/produs\\\/curs-pentru-copii-cum-sa-negociezi-cum-sa-influentezi-si-sa-convingi-alti-oameni\\\/#primaryimage\"},\"thumbnailUrl\":\"https:\\\/\\\/www.startevo.com\\\/shop\\\/wp-content\\\/uploads\\\/2022\\\/01\\\/curs-de-negociere.jpg\",\"datePublished\":\"2022-01-31T09:31:42+00:00\",\"dateModified\":\"2025-06-18T12:48:35+00:00\",\"breadcrumb\":{\"@id\":\"https:\\\/\\\/www.startevo.com\\\/shop\\\/produs\\\/curs-pentru-copii-cum-sa-negociezi-cum-sa-influentezi-si-sa-convingi-alti-oameni\\\/#breadcrumb\"},\"inLanguage\":\"ro-RO\",\"potentialAction\":[{\"@type\":\"ReadAction\",\"target\":[\"https:\\\/\\\/www.startevo.com\\\/shop\\\/produs\\\/curs-pentru-copii-cum-sa-negociezi-cum-sa-influentezi-si-sa-convingi-alti-oameni\\\/\"]}]},{\"@type\":\"ImageObject\",\"inLanguage\":\"ro-RO\",\"@id\":\"https:\\\/\\\/www.startevo.com\\\/shop\\\/produs\\\/curs-pentru-copii-cum-sa-negociezi-cum-sa-influentezi-si-sa-convingi-alti-oameni\\\/#primaryimage\",\"url\":\"https:\\\/\\\/www.startevo.com\\\/shop\\\/wp-content\\\/uploads\\\/2022\\\/01\\\/curs-de-negociere.jpg\",\"contentUrl\":\"https:\\\/\\\/www.startevo.com\\\/shop\\\/wp-content\\\/uploads\\\/2022\\\/01\\\/curs-de-negociere.jpg\",\"width\":1000,\"height\":559},{\"@type\":\"BreadcrumbList\",\"@id\":\"https:\\\/\\\/www.startevo.com\\\/shop\\\/produs\\\/curs-pentru-copii-cum-sa-negociezi-cum-sa-influentezi-si-sa-convingi-alti-oameni\\\/#breadcrumb\",\"itemListElement\":[{\"@type\":\"ListItem\",\"position\":1,\"name\":\"Prima pagin\u0103\",\"item\":\"https:\\\/\\\/www.startevo.com\\\/shop\\\/\"},{\"@type\":\"ListItem\",\"position\":2,\"name\":\"Magazin\",\"item\":\"https:\\\/\\\/www.startevo.com\\\/shop\\\/magazin\\\/\"},{\"@type\":\"ListItem\",\"position\":3,\"name\":\"Micro-curs pentru copii &#8211; Cum s\u0103 negociezi, cum s\u0103 influen\u021bezi \u0219i s\u0103 convingi al\u021bi oameni\"}]},{\"@type\":\"WebSite\",\"@id\":\"https:\\\/\\\/www.startevo.com\\\/shop\\\/#website\",\"url\":\"https:\\\/\\\/www.startevo.com\\\/shop\\\/\",\"name\":\"Magazinul Caritabil al Asocia\u021biei StartEvo\",\"description\":\"Vindem cu drag s\u0103 sus\u021binem educa\u021bia copiilor \u00een Rom\u00e2nia\",\"publisher\":{\"@id\":\"https:\\\/\\\/www.startevo.com\\\/shop\\\/#organization\"},\"potentialAction\":[{\"@type\":\"SearchAction\",\"target\":{\"@type\":\"EntryPoint\",\"urlTemplate\":\"https:\\\/\\\/www.startevo.com\\\/shop\\\/?s={search_term_string}\"},\"query-input\":{\"@type\":\"PropertyValueSpecification\",\"valueRequired\":true,\"valueName\":\"search_term_string\"}}],\"inLanguage\":\"ro-RO\"},{\"@type\":\"Organization\",\"@id\":\"https:\\\/\\\/www.startevo.com\\\/shop\\\/#organization\",\"name\":\"Magazinul Caritabil al Asocia\u021biei StartEvo\",\"url\":\"https:\\\/\\\/www.startevo.com\\\/shop\\\/\",\"logo\":{\"@type\":\"ImageObject\",\"inLanguage\":\"ro-RO\",\"@id\":\"https:\\\/\\\/www.startevo.com\\\/shop\\\/#\\\/schema\\\/logo\\\/image\\\/\",\"url\":\"https:\\\/\\\/www.startevo.com\\\/shop\\\/wp-content\\\/uploads\\\/2023\\\/10\\\/cropped-LOGO-MAGAZIN-CARITABIL-STARTEVO.jpg\",\"contentUrl\":\"https:\\\/\\\/www.startevo.com\\\/shop\\\/wp-content\\\/uploads\\\/2023\\\/10\\\/cropped-LOGO-MAGAZIN-CARITABIL-STARTEVO.jpg\",\"width\":800,\"height\":187,\"caption\":\"Magazinul Caritabil al Asocia\u021biei StartEvo\"},\"image\":{\"@id\":\"https:\\\/\\\/www.startevo.com\\\/shop\\\/#\\\/schema\\\/logo\\\/image\\\/\"}}]}<\/script>\n<!-- \/ Yoast SEO plugin. -->","yoast_head_json":{"title":"Micro-curs pentru copii - Cum s\u0103 negociezi, cum s\u0103 influen\u021bezi \u0219i s\u0103 convingi al\u021bi oameni - Magazinul Caritabil al Asocia\u021biei StartEvo","robots":{"index":"index","follow":"follow","max-snippet":"max-snippet:-1","max-image-preview":"max-image-preview:large","max-video-preview":"max-video-preview:-1"},"canonical":"https:\/\/www.startevo.com\/shop\/produs\/curs-pentru-copii-cum-sa-negociezi-cum-sa-influentezi-si-sa-convingi-alti-oameni\/","og_locale":"ro_RO","og_type":"article","og_title":"Micro-curs pentru copii - Cum s\u0103 negociezi, cum s\u0103 influen\u021bezi \u0219i s\u0103 convingi al\u021bi oameni - Magazinul Caritabil al Asocia\u021biei StartEvo","og_description":"Este cea mai bun\u0103 investi\u021bie a mea, de departe. Merit\u0103. Durata curs aprox 1 ora  Diploma la final","og_url":"https:\/\/www.startevo.com\/shop\/produs\/curs-pentru-copii-cum-sa-negociezi-cum-sa-influentezi-si-sa-convingi-alti-oameni\/","og_site_name":"Magazinul Caritabil al Asocia\u021biei StartEvo","article_modified_time":"2025-06-18T12:48:35+00:00","og_image":[{"width":1000,"height":559,"url":"https:\/\/www.startevo.com\/shop\/wp-content\/uploads\/2022\/01\/curs-de-negociere.jpg","type":"image\/jpeg"}],"twitter_card":"summary_large_image","twitter_misc":{"Timp estimat pentru citire":"1 minut"},"schema":{"@context":"https:\/\/schema.org","@graph":[{"@type":"WebPage","@id":"https:\/\/www.startevo.com\/shop\/produs\/curs-pentru-copii-cum-sa-negociezi-cum-sa-influentezi-si-sa-convingi-alti-oameni\/","url":"https:\/\/www.startevo.com\/shop\/produs\/curs-pentru-copii-cum-sa-negociezi-cum-sa-influentezi-si-sa-convingi-alti-oameni\/","name":"Micro-curs pentru copii - Cum s\u0103 negociezi, cum s\u0103 influen\u021bezi \u0219i s\u0103 convingi al\u021bi oameni - Magazinul Caritabil al Asocia\u021biei StartEvo","isPartOf":{"@id":"https:\/\/www.startevo.com\/shop\/#website"},"primaryImageOfPage":{"@id":"https:\/\/www.startevo.com\/shop\/produs\/curs-pentru-copii-cum-sa-negociezi-cum-sa-influentezi-si-sa-convingi-alti-oameni\/#primaryimage"},"image":{"@id":"https:\/\/www.startevo.com\/shop\/produs\/curs-pentru-copii-cum-sa-negociezi-cum-sa-influentezi-si-sa-convingi-alti-oameni\/#primaryimage"},"thumbnailUrl":"https:\/\/www.startevo.com\/shop\/wp-content\/uploads\/2022\/01\/curs-de-negociere.jpg","datePublished":"2022-01-31T09:31:42+00:00","dateModified":"2025-06-18T12:48:35+00:00","breadcrumb":{"@id":"https:\/\/www.startevo.com\/shop\/produs\/curs-pentru-copii-cum-sa-negociezi-cum-sa-influentezi-si-sa-convingi-alti-oameni\/#breadcrumb"},"inLanguage":"ro-RO","potentialAction":[{"@type":"ReadAction","target":["https:\/\/www.startevo.com\/shop\/produs\/curs-pentru-copii-cum-sa-negociezi-cum-sa-influentezi-si-sa-convingi-alti-oameni\/"]}]},{"@type":"ImageObject","inLanguage":"ro-RO","@id":"https:\/\/www.startevo.com\/shop\/produs\/curs-pentru-copii-cum-sa-negociezi-cum-sa-influentezi-si-sa-convingi-alti-oameni\/#primaryimage","url":"https:\/\/www.startevo.com\/shop\/wp-content\/uploads\/2022\/01\/curs-de-negociere.jpg","contentUrl":"https:\/\/www.startevo.com\/shop\/wp-content\/uploads\/2022\/01\/curs-de-negociere.jpg","width":1000,"height":559},{"@type":"BreadcrumbList","@id":"https:\/\/www.startevo.com\/shop\/produs\/curs-pentru-copii-cum-sa-negociezi-cum-sa-influentezi-si-sa-convingi-alti-oameni\/#breadcrumb","itemListElement":[{"@type":"ListItem","position":1,"name":"Prima pagin\u0103","item":"https:\/\/www.startevo.com\/shop\/"},{"@type":"ListItem","position":2,"name":"Magazin","item":"https:\/\/www.startevo.com\/shop\/magazin\/"},{"@type":"ListItem","position":3,"name":"Micro-curs pentru copii &#8211; Cum s\u0103 negociezi, cum s\u0103 influen\u021bezi \u0219i s\u0103 convingi al\u021bi oameni"}]},{"@type":"WebSite","@id":"https:\/\/www.startevo.com\/shop\/#website","url":"https:\/\/www.startevo.com\/shop\/","name":"Magazinul Caritabil al Asocia\u021biei StartEvo","description":"Vindem cu drag s\u0103 sus\u021binem educa\u021bia copiilor \u00een Rom\u00e2nia","publisher":{"@id":"https:\/\/www.startevo.com\/shop\/#organization"},"potentialAction":[{"@type":"SearchAction","target":{"@type":"EntryPoint","urlTemplate":"https:\/\/www.startevo.com\/shop\/?s={search_term_string}"},"query-input":{"@type":"PropertyValueSpecification","valueRequired":true,"valueName":"search_term_string"}}],"inLanguage":"ro-RO"},{"@type":"Organization","@id":"https:\/\/www.startevo.com\/shop\/#organization","name":"Magazinul Caritabil al Asocia\u021biei StartEvo","url":"https:\/\/www.startevo.com\/shop\/","logo":{"@type":"ImageObject","inLanguage":"ro-RO","@id":"https:\/\/www.startevo.com\/shop\/#\/schema\/logo\/image\/","url":"https:\/\/www.startevo.com\/shop\/wp-content\/uploads\/2023\/10\/cropped-LOGO-MAGAZIN-CARITABIL-STARTEVO.jpg","contentUrl":"https:\/\/www.startevo.com\/shop\/wp-content\/uploads\/2023\/10\/cropped-LOGO-MAGAZIN-CARITABIL-STARTEVO.jpg","width":800,"height":187,"caption":"Magazinul Caritabil al Asocia\u021biei StartEvo"},"image":{"@id":"https:\/\/www.startevo.com\/shop\/#\/schema\/logo\/image\/"}}]}},"_links":{"self":[{"href":"https:\/\/www.startevo.com\/shop\/wp-json\/wp\/v2\/product\/83","targetHints":{"allow":["GET"]}}],"collection":[{"href":"https:\/\/www.startevo.com\/shop\/wp-json\/wp\/v2\/product"}],"about":[{"href":"https:\/\/www.startevo.com\/shop\/wp-json\/wp\/v2\/types\/product"}],"replies":[{"embeddable":true,"href":"https:\/\/www.startevo.com\/shop\/wp-json\/wp\/v2\/comments?post=83"}],"wp:featuredmedia":[{"embeddable":true,"href":"https:\/\/www.startevo.com\/shop\/wp-json\/wp\/v2\/media\/84"}],"wp:attachment":[{"href":"https:\/\/www.startevo.com\/shop\/wp-json\/wp\/v2\/media?parent=83"}],"wp:term":[{"taxonomy":"product_brand","embeddable":true,"href":"https:\/\/www.startevo.com\/shop\/wp-json\/wp\/v2\/product_brand?post=83"},{"taxonomy":"product_cat","embeddable":true,"href":"https:\/\/www.startevo.com\/shop\/wp-json\/wp\/v2\/product_cat?post=83"},{"taxonomy":"product_tag","embeddable":true,"href":"https:\/\/www.startevo.com\/shop\/wp-json\/wp\/v2\/product_tag?post=83"}],"curies":[{"name":"wp","href":"https:\/\/api.w.org\/{rel}","templated":true}]}}